 + 60. Let n be r(5). Calculate the highest common divisor of n and 8.
4
Let w(c) = 2*c**2 - 15*c - 27. Let r be w(-11). Suppose 32*k = 28*k + r. What is the highest common divisor of 38 and k?
19
Let k = -466 + 682. Calculate the highest common factor of 24 and k.
24
Let b(a) = 3*a**2 - a + 2046. Let n be b(0). What is the greatest common factor of 66 and n?
66
Let f = -437 + 444. Calculate the greatest common factor of 21 and f.
7
Let h = 11 - 11. Suppose h*d + 23 = b + 5*d, 0 = 5*b + 2*d. Let t be (24 - b) + 1 + -4. What is the highest common factor of t and 161?
23
Suppose -102 + 6 = -4*r. Let f be -1 + 6 + (-4)/(-2). Let j be f + -6 - -11*1. What is the highest common factor of j and r?
12
Let p = 861 + -343. Calculate the greatest common factor of 42 and p.
14
Suppose 5*x + 92 = -c, 4*x - 4*c + 78 - 14 = 0. Let k = x - -60. Calculate the highest common factor of k and 12.
6
Let n(h) = 24*h - 6. Let j(d) = -25*d + 6. Let g(x) = 4*j(x) + 5*n(x). Let y be g(1). What is the greatest common divisor of 2 and y?
2
Suppose 0 = -7*j - 0*j + 357. Suppose 2*p = p + 5*n + 14, 3*p - 90 = 3*n. What is the greatest common divisor of p and j?
17
Let q = -120 - -318. Let c(t) = t**2 - 65*t + 568. Let v be c(10). Calculate the greatest common factor of v and q.
18
Let g be (4059/(-22) - -3)*(-2)/3. Calculate the highest common factor of 55 and g.
11
Suppose 2*d + d - 405 = 0. Suppose 8*v - 5*v = d. Let x = -15 + v. What is the greatest common divisor of 270 and x?
30
Let n = 306 - 278. What is the highest common factor of n and 140?
28
Let i = -44 - -46. Suppose 4*u - n + 0*n = 79, 5*n = -i*u + 23. Let c(r) = 94*r**2 + 1. Let f be c(-1). Calculate the greatest common factor of f and u.
19
Let o be (9/12 + 34/(-8))*-12. Calculate the highest common factor of 434 and o.
14
Let r be 0 + 3 + (-3)/(-1 - -4). Let l be ((-49)/(-21)*-1)/(r/(-6)). What is the highest common divisor of 1 and l?
1
Let b be (130/(-6))/(485/(-291)). Calculate the highest common factor of b and 364.
13
Suppose -11 = -f - 90*b + 91*b, 5*b + 5 = 0. Let l(n) = 16*n + 2. Let a be l(3). What is the greatest common divisor of f and a?
10
Suppose -85*y + 38084 = -17591. What is the greatest common divisor of y and 10?
5
Let w be 125/(3 - 140/50). What is the highest common divisor of 125 and w?
125
Suppose 2*i = -5*q + 40, i + 11 - 40 = -4*q. Let z = 459 - 455. Calculate the highest common divisor of q and z.
2
Let c = 74 - 70. Suppose -3*k + 7*k - a - 32 = 0, -c*k = a - 40. What is the highest common factor of k and 18?
9
Suppose 45 = -0*k + 3*k. Suppose 20*v = k*v + 15. Let q = -5 + 32. Calculate the highest common divisor of v and q.
3
Let a be (-3*12)/(81/(-54)). What is the highest common divisor of 222 and a?
6
Let s be (-13 + 5 + 1)*(-24)/7. Let b = 26 - s. What is the highest common factor of 1 and b?
1
Suppose -17 = -8*r + 23. Suppose m + 51 + 16 = 2*w, -172 = -r*w + 4*m. Calculate the highest common factor of 48 and w.
16
Let k = -23 + 63. Let l = k - 7. Calculate the greatest common divisor of 3 and l.
3
Suppose 542 - 2117 = -25*g. What is the greatest common divisor of g and 21?
21
Let b(p) = -p**2 + 6*p + 1. Let w be b(5). What is the greatest common factor of w and 2?
2
Suppose -2*h + 2712 = 2*y + 886, 1820 = 2*h - 4*y. Calculate the highest common divisor of 57 and h.
57
Let y(d) = -19*d**2 - 9*d + 4. Let s be y(4). Let u be (s/(-40))/(4/10). Let l be (-4)/(-14) + 2094/u. Calculate the greatest common divisor of 40 and l.
20
Let p(w) = -8*w**3 + 6*w**2 + 36*w + 86. Let j be p(-3). What is the greatest common factor of j and 93?
31
Suppose -27*r + 26673 + 10884 = 0. Calculate the highest common divisor of 13 and r.
13
Let a = 873 + -853. Calculate the highest common factor of a and 310.
10
Let o(g) = g + 0 + 2 - 6*g. Let h be o(-4). Suppose -20*p + 23*p - 33 = 0. What is the highest common divisor of h and p?
11
Let l be (-1 - -3) + (-19)/((-38)/60). Calculate the greatest common divisor of 2 and l.
2
Let v(w) = -w + 3. Let k be v(-5). Suppose -13*y + 14*y = 0. Let n be (y + 40)*(-11 + 12). Calculate the highest common divisor of n and k.
8
Let k = -206 - -289. Let y be k + 5*(-5)/(-25). What is the greatest common factor of 12 and y?
12
Let x be 819/11 + 48/88. Calculate the highest common factor of 225 and x.
75
Suppose -432 = -28*g + 25*g. Calculate the greatest common divisor of 162 and g.
18
Let b(k) = 5*k**2 + 3*k - 16. Let z be b(6). Suppose -82 - z = -4*c. What is the greatest common divisor of 22 and c?
22
Let d(s) = 4*s + 4. Let j be d(6). Let k(p) = -p**3 - 32*p**2 + 31*p + 109. Let g be k(-33). Let v = 189 - g. What is the greatest common divisor of v and j?
14
Suppose -4*q + 17*s - 22*s + 43 = 0, 2*q = -s + 29. What is the highest common divisor of 2941 and q?
17
Let x(z) = 3*z**2 + 3. Let r be x(2). Let t(c) = -c**3 + 7*c**2 - c. Let k be t(7). Let i = k + r. What is the greatest common divisor of 20 and i?
4
Suppose 4 = 10*t - 56. Calculate the highest common divisor of 54 and t.
6
Let w be 9 - (-2 - -5 - 1). Suppose 35 = 3*n - 5*m + 7, 5*n - 4*m = 38. Suppose n*t + 98 = 8*t. Calculate the greatest common factor of t and w.
7
Let a(u) be the second derivative of u**4/12 - u**3/2 - 5*u**2 - 2*u. Let p be a(-4). Calculate the greatest common divisor of p and 12.
6
Suppose 3*i - 26 - 46 = 0. Suppose q + q + 40 = 0. Let g = i + q. What is the greatest common divisor of g and 8?
4
Suppose -393 = -26*c + 907. Calculate the highest common factor of 1075 and c.
25
Let q be -3 + (5 - 4) + 0 + 20. Calculate the highest common factor of q and 288.
18
Let y be (57/4)/(525/70000). Calculate the greatest common divisor of 152 and y.
76
Suppose 0*l + 166 = -l. Let b = l + 428. Let u = -94 + b. Calculate the highest common divisor of 24 and u.
24
Let d be -2*2/4 - -17. Let t = -1368 - -1544. What is the highest common divisor of d and t?
16
Let j = 187 + -162. Calculate the highest common divisor of 325 and j.
25
Let h = -2 + 13. Let k be (11/4)/((-4)/(-16)). Suppose 0 = k*m - 16*m + 165. Calculate the highest common divisor of m and h.
11
Suppose 0 = 7*d - 10*d + 2076. Suppose 2*f = -2*h + 264, -h - 3*f = -6*h + d. What is the greatest common factor of h and 17?
17
Suppose -120 = 2*r + 3*l, 0 = r - 4*r - 5*l - 180. Let q = r - -100. Calculate the highest common divisor of q and 8.
8
Suppose -3*f + 51 = 4*u, 5*u + 3*f - 36 = 27. What is the greatest common factor of u and 12?
12
Suppose -b + 9 = -41. Let h(i) = i**2 - 7*i - 6. Let t be h(11). Suppose t*s + 100 = 43*s. What is the greatest common factor of b and s?
10
Let i(q) = q**2 + 12*q - 5. Let g be i(5). Let a be (1/(1/(-6)))/((-6)/g). Calculate the highest common divisor of 200 and a.
40
Let q be 119/3*-3*-16. What is the greatest common factor of q and 119?
119
Suppose -f - 1148 - 3273 = -4*j, -4*j = 5*f - 4415. Suppose -8*b + j = -3*b. What is the highest common factor of b and 13?
13
Let o = 244 - 216. Calculate the highest common divisor of o and 91.
7
Let d = 6 - 2. Let v = 9 + -5. Calculate the greatest common factor of d and v.
4
Suppose -4*q - 8 = -24. Suppose -4*j + 0*n = -2*n - 256, 280 = 4*j + q*n. Suppose -15 = -3*r + j. Calculate the highest common factor of 108 and r.
27
Let h be (3/(-6))/(5/10). Let b be h - 0 - (-1 + -19). Let o(k) = k**3 + 7*k**2 + 4*k + 8. Let q be o(-5). Calculate the highest common factor of b and q.
19
Let p(s) = 8*s**2 + 217*s + 24. Let n be p(-28). What is the greatest common factor of n and 20?
20
Let s be 90/(-27)*(-3)/2. Suppose 52 = 3*a + 2*m, a - s*m + 1 = -2*m. Calculate the greatest common factor of a and 14.
14
Let k(u) = u**2 + 6*u + 8. Let p = -6 - 2. Let m be k(p). Suppose -1 = -5*q + 14. What is the highest common factor of m and q?
3
Let l = -3 - -10. Let v = -1 + l. Let h be (16/v)/((-2)/(-6)). What is the greatest common divisor of h and 2?
2
Let f(x) = 2*x**3 - x + 1. Let v be f(3). Let h(y) = -y**2 - 35*y - 62. Let m be h(-33). Calculate the greatest common factor of v and m.
4
Let q be -1 + 5 + (-4 - -4). Suppose -q*u + 83 + 79 = -5*k, -4*u - k = -150. Calculate the highest common divisor of 95 and u.
19
Let g = 0 - -4. Suppose -1015 = -g*q + 129. Suppose 2*p + q = 5*l - 29, -2*p = 0. Calculate the greatest common divisor of 7 and l.
7
Let n = -43 + 72. Let f = 